he highest common divisor of h and u.
11
Let z = 86 - 58. Calculate the highest common divisor of z and 42.
14
Suppose 0 = 2*f - 1 - 15. What is the highest common factor of 3 and f?
1
Let o(v) = 2*v**2 - 10*v + 5. Let d be o(7). Calculate the greatest common divisor of d and 11.
11
Suppose 0*c + 3*c = 66. What is the highest common divisor of c and 33?
11
Suppose -r = -2*r + 20. What is the highest common factor of 80 and r?
20
Suppose -5*p = f - 151, 2*f = -2*p + 59 + 3. Calculate the greatest common divisor of 20 and p.
10
Let f = 35 - 30. What is the highest common factor of f and 45?
5
Let g(t) = -6*t - 30. Let y be g(-10). What is the highest common divisor of y and 12?
6
Suppose -4*k + 3*u + 369 = 0, -5*k + 336 = 5*u - 99. What is the greatest common divisor of 36 and k?
18
Let s be ((-4)/10)/(1/5). Let z be -4*(-1)/s + 59. Calculate the greatest common divisor of z and 19.
19
Suppose 0*b - 25 = -3*t + 2*b, 15 = -3*b. Let v = t + -8. Let k be 1/v + (-544)/(-12). What is the greatest common factor of k and 18?
9
Suppose 2*r + r = 180. Calculate the highest common divisor of 12 and r.
12
Suppose -3*m + 2 = -2*m. Let j be m*((-26)/(-4) + 1). What is the greatest common factor of 105 and j?
15
Let r = -28 - -49. Calculate the greatest common factor of 63 and r.
21
Let b be (-4)/14 + (-88)/(-14). Let t = b - 10. Let g be 11*-4*6/t. Calculate the greatest common factor of g and 6.
6
Let d(i) = i**2 - 7*i + 10. Let n be 3 + 4 - (1 - 2). Let f be d(n). Let x = f - 10. Calculate the highest common divisor of 64 and x.
8
Suppose -7*x + 168 = -5*x. Calculate the highest common factor of 12 and x.
12
Let w(k) = -k**3 + 2*k**2 + 4*k - 4. Let o be w(-2). What is the greatest common divisor of o and 16?
4
Let j(n) = 1 - n - n + 2. Suppose 2*k = -5*i - 22, 2*i = -i - 5*k + 2. Let a be j(i). What is the highest common factor of a and 15?
15
Let p = 115 - 58. Let n(y) = y**3 + 8*y**2 + 10*y + 7. Let r be n(-6). Calculate the highest common factor of p and r.
19
Let o be ((-2)/2 + 2)*0. Suppose -i - 12 = -o*i. Let a = 20 + i. What is the highest common factor of 32 and a?
8
Suppose 5 = l - 3. What is the greatest common divisor of 56 and l?
8
Let w = 34 - 14. Let r = -4 + 9. Calculate the highest common factor of r and w.
5
Let n = -408 - -595. Let i be ((-2)/4)/(3/(-102)). Calculate the greatest common divisor of i and n.
17
Suppose -2*i - 5*o = -4*i + 335, -657 = -4*i - 3*o. Let c = -8 + 4. Let g(s) = -4*s - 1. Let m be g(c). Calculate the greatest common divisor of m and i.
15
Let h = 9 - 3. Let m(f) = 3 + 0*f + 9 - f. Let i be m(h). Calculate the highest common divisor of 2 and i.
2
Let w be 4/(-5) + (-1)/5. Let z be 1 - (-16 - (w - 0)). Calculate the greatest common divisor of z and 96.
16
Suppose -2*v + 26 + 210 = -p, 0 = -3*p + 12. What is the highest common factor of v and 20?
20
Let w be (-20)/5 + 5 + (2 - -81). Calculate the greatest common factor of w and 56.
28
Let x(f) = f**2 + 10*f + 1. Let k(r) = -r**2 - 5*r - 1. Let s(z) = -5*k(z) - 3*x(z). Let i be s(5). What is the greatest common divisor of i and 9?
9
Suppose 80 = 2*u + 3*u. What is the greatest common factor of u and 24?
8
Let z(r) = 8*r + 49. Let t be z(7). Suppose 4*b - 12 = 0, 2*u - 2*b - 27 = 3*b. Calculate the highest common factor of t and u.
21
Suppose -3*j - j = -56. Calculate the greatest common factor of 14 and j.
14
Let t be 7 + (-1 - 0 - -1). Suppose 13 - 6 = h. What is the greatest common factor of t and h?
7
Let x(i) = i**3 + 11*i**2 - 12*i + 3. Let k be x(-12). Suppose -3 = -k*z - 5*n, z - 2*n = -z + 18. What is the highest common factor of z and 24?
6
Let i(b) = -b**2 + 16*b - 10. Let c be i(11). Let t be 192/8*6/8. Calculate the highest common factor of c and t.
9
Suppose -7*r = -5*r - 40. What is the greatest common divisor of 80 and r?
20
Let w(u) = 13*u**3 - u**2 - u + 1. Let k be w(1). Calculate the highest common divisor of 8 and k.
4
Let q(h) = -h**3 - 7*h**2 - h + 5. Let c be q(-7). Let y be 1197/c - (-9)/(-12). Suppose f + 4*f - 45 = 0. Calculate the greatest common divisor of f and y.
9
Suppose -5*k - 2*c = -3, 3*k - c - 3 = 1. Calculate the greatest common divisor of k and 1.
1
Let a(x) = -8*x + 23. Let n be a(-12). Calculate the greatest common factor of 17 and n.
17
Let m(g) = 4 - 2*g - 2 + 3. Let o be m(-8). Let w = o - -3. What is the highest common factor of w and 24?
24
Let n be -2 + 1 + 2 - -1. Suppose -n*z = 6 - 30. What is the greatest common divisor of 108 and z?
12
Let h(o) = -o**3 + 9*o**2 - 2*o + 9. Let d be h(7). Calculate the highest common divisor of 62 and d.
31
Let k be 5 - (-5 + 2)/(-1). Let g be 2/(-3)*(-9)/k. What is the highest common factor of 9 and g?
3
Suppose 5*r + 5*c - 20 = 4*r, -3*c - 172 = -4*r. Suppose 2*z + 2*g = -0*g + r, 0 = -5*z + g + 88. Calculate the greatest common factor of 12 and z.
6
Suppose 0*w - w - 3 = 0. Let u be ((-18)/(-15))/w*-10. Suppose 6*g = 2*g + 16. Calculate the highest common divisor of g and u.
4
Suppose 0 = 4*b - 6*b. Suppose -4*m + 108 + 12 = b. What is the highest common divisor of m and 45?
15
Let j be 14/4*24/14. Let x be 2/(-8) + (-116)/(-16). Suppose -4*i + 153 = 3*s - x*i, -s - 2*i + 42 = 0. Calculate the greatest common divisor of s and j.
6
Suppose -355 = -5*l + 185. Let h = 88 + -129. Let d = -14 - h. What is the highest common factor of d and l?
27
Suppose 2*r - 18 = -r. Let h(k) = -7*k + 2. Let v be h(r). Let m be 6*(-7)/(42/v). What is the highest common divisor of m and 10?
10
Let g be (-6)/(-3) - (-1 - 0). Suppose -2*x + 4 = 5*c - 5*x, -g*c = 4*x - 14. What is the highest common divisor of 18 and c?
2
Suppose 0*c + 4*c = -980. Let l = -83 - c. Suppose 0*t = t - 18. What is the greatest common factor of l and t?
18
Let o be ((-6)/(-14) + 31/(-7))*-16. Calculate the greatest common factor of o and 16.
16
Let l = 13 + -6. Suppose 0 = 2*z + 2*z + b - 597, 4*b - 4 = 0. Let i = z - 100. What is the highest common divisor of l and i?
7
Let x be ((-50)/(-6))/(2/18). Let l(z) = 13 - 2*z + 0*z - 4. Let k be l(-3). Calculate the greatest common divisor of k and x.
15
Let j(g) = g**3 + g**2 - 7*g + 5. Suppose y = -y + 3*c + 10, -20 = -4*y - 3*c. Let d be j(y). What is the highest common divisor of d and 12?
12
Suppose 79 = 6*y - 233. What is the highest common factor of y and 13?
13
Suppose 5*f - 5*h = 75 + 30, -2*f - 5*h + 7 = 0. Suppose -4*g = 1 + 23. Let s = -4 - g. Calculate the greatest common factor of f and s.
2
Let b(y) = 7*y**2 + 3*y. Let l be b(3). Let p be (-238)/17*(-8)/14. What is the highest common divisor of l and p?
8
Let z(u) = u**3 - 6*u**2 - 7*u + 4. Let j be z(7). Let v be (16/(-20))/(j/(-30)). Calculate the highest common factor of 6 and v.
6
Let t = -5 + 7. Suppose z = -a + 17, 0*a + t*a = -3*z + 49. What is the greatest common divisor of 45 and z?
15
Let s(p) be the second derivative of p**4/4 + 2*p. Let x be s(2). What is the highest common divisor of 3 and x?
3
Let g be 25/2 - (-2)/(-4). Suppose -2*x + 4*m - 100 = 0, -m = -2*x + 4*m - 104. Let d be (72/(-7))/(4/x). Calculate the highest common factor of d and g.
12
Suppose -y = -5*y. Suppose -2*q - 5*n + 167 = y, 0*q + n - 85 = -q. Suppose 0 = 5*x - 14 - q. What is the greatest common factor of x and 5?
5
Suppose 0 = v - 4*v + 108. Suppose v = 2*a - 4*k, -2*k + k = 4*a - 99. Calculate the highest common divisor of a and 12.
12
Let c = 21 - -5. What is the highest common factor of 39 and c?
13
Suppose g + 4*l - 82 = 2*l, 0 = 2*l + 8. What is the highest common divisor of 45 and g?
45
Suppose y - 4 = 2*y, 4*y + 96 = 4*m. What is the greatest common factor of 8 and m?
4
Suppose 165 = -5*t - 4*y, 3*t + 99 = -3*y + 5*y. Let z be 51/(-2)*44/t. Let m = 13 - -4. Calculate the greatest common divisor of z and m.
17
Let m be 3 - -2*(-2)/(-4). Suppose 0 = -l + 1 + 1. Calculate the highest common divisor of m and l.
2
Let i(m) = 5*m**2 - 2*m - 3. Let s be i(-1). What is the greatest common divisor of 36 and s?
4
Let j(m) = m**2 + 7*m. Let u be j(-8). Calculate the greatest common factor of u and 24.
8
Let c = -34 + 66. What is the greatest common divisor of c and 8?
8
Let y = 106 + -83. Let g = -73 + 119. Calculate the highest common factor of y and g.
23
Suppose 193 = 4*f + 5*s, s - 37 = -f + 2*s. Let u(t) = t**2 + 10*t + 8. Let a 